{"id":17,"date":"2020-02-27T18:51:03","date_gmt":"2020-02-27T17:51:03","guid":{"rendered":"http:\/\/localhost\/gis\/?page_id=17"},"modified":"2024-11-16T01:48:42","modified_gmt":"2024-11-16T00:48:42","slug":"contact","status":"publish","type":"page","link":"https:\/\/greg-informatique.fr\/gis\/contact\/","title":{"rendered":"Contact"},"content":{"rendered":"<p><img loading=\"lazy\" decoding=\"async\" class=\"alignnone wp-image-28 size-full\" src=\"http:\/\/greg-informatique.fr\/gis\/wp-content\/uploads\/2020\/02\/contact.l.jpg\" alt=\"contact\" width=\"5472\" height=\"684\" \/><\/p>\n<h2 style=\"color: white;\"><span style=\"font-size: xx-small;\">quincampoix buchy cailly isneauville pr\u00e9aux reparation ordinateur pc configuration<\/span><\/h2>\n<p>Vous pouvez me laisser ici vos coordonn\u00e9es.<\/p>\n<p>Listez les probl\u00e8mes rencontr\u00e9s et je vous recontacte par t\u00e9l\u00e9phone ou par e-mail.<\/p>\n<p>&nbsp;<\/p>\n<div class=\"frm_forms  with_frm_style frm_style_style-formidable\" id=\"frm_form_2_container\" >\n<form enctype=\"multipart\/form-data\" method=\"post\" class=\"frm-show-form \" id=\"form_contact\" >\n<div class=\"frm_form_fields \">\n<fieldset>\n<legend class=\"frm_screen_reader\">Contact<\/legend>\r\n\r\n<div class=\"frm_fields_container\">\n<input type=\"hidden\" name=\"frm_action\" value=\"create\" \/>\n<input type=\"hidden\" name=\"form_id\" value=\"2\" \/>\n<input type=\"hidden\" name=\"frm_hide_fields_2\" id=\"frm_hide_fields_2\" value=\"\" \/>\n<input type=\"hidden\" name=\"form_key\" value=\"contact\" \/>\n<input type=\"hidden\" name=\"item_meta[0]\" value=\"\" \/>\n<input type=\"hidden\" id=\"frm_submit_entry_2\" name=\"frm_submit_entry_2\" value=\"548b2744cd\" \/><input type=\"hidden\" name=\"_wp_http_referer\" value=\"\/gis\/wp-json\/wp\/v2\/pages\/17\" \/><div id=\"frm_field_6_container\" class=\"frm_form_field form-field  frm_required_field frm_top_container frm_first frm_half\">\r\n    <label for=\"field_qh4icy2\" id=\"field_qh4icy2_label\" class=\"frm_primary_label\">Nom :\r\n        <span class=\"frm_required\">*<\/span>\r\n    <\/label>\r\n    <input type=\"text\" id=\"field_qh4icy2\" name=\"item_meta[6]\" value=\"\"  style=\"width:200px\" data-reqmsg=\"Ce champ ne peut pas \u00eatre vide\" aria-required=\"true\" data-invmsg=\"Name est non valide\" class=\"auto_width\" aria-invalid=\"false\"  \/>\r\n    \r\n    \r\n<\/div>\n<div id=\"frm_field_7_container\" class=\"frm_form_field form-field  frm_required_field frm_top_container frm_alignright frm_half\">\r\n    <label for=\"field_ocfup12\" id=\"field_ocfup12_label\" class=\"frm_primary_label\">Pr\u00e9nom :\r\n        <span class=\"frm_required\">*<\/span>\r\n    <\/label>\r\n    <input type=\"text\" id=\"field_ocfup12\" name=\"item_meta[7]\" value=\"\"  style=\"width:200px\" data-reqmsg=\"Ce champ ne peut pas \u00eatre vide\" aria-required=\"true\" data-invmsg=\"Last est non valide\" class=\"auto_width\" aria-invalid=\"false\"  \/>\r\n    \r\n    \r\n<\/div>\n<div id=\"frm_field_8_container\" class=\"frm_form_field form-field  frm_required_field frm_top_container frm_half frm_first\">\r\n    <label for=\"field_29yf4d2\" id=\"field_29yf4d2_label\" class=\"frm_primary_label\">Email :\r\n        <span class=\"frm_required\">*<\/span>\r\n    <\/label>\r\n    <input type=\"email\" id=\"field_29yf4d2\" name=\"item_meta[8]\" value=\"\"  style=\"width:300px\" data-reqmsg=\"Ce champ ne peut pas \u00eatre vide\" aria-required=\"true\" data-invmsg=\"Please enter a valid email address\" class=\"auto_width\" aria-invalid=\"false\"  \/>\r\n    \r\n    \r\n<\/div>\n<div id=\"frm_field_11_container\" class=\"frm_form_field form-field  frm_top_container frm_half frm_alignright\">\r\n    <label for=\"field_6tyr\" id=\"field_6tyr_label\" class=\"frm_primary_label\">T\u00e9l\u00e9phone :\r\n        <span class=\"frm_required\"><\/span>\r\n    <\/label>\r\n    <input type=\"tel\" id=\"field_6tyr\" name=\"item_meta[11]\" value=\"\"  style=\"width:200px\" data-invmsg=\"Phone est non valide\" class=\"auto_width\" aria-invalid=\"false\" pattern=\"\\d\\d\\d\\d\\d\\d\\d\\d\\d\\d$\"  \/>\r\n    \r\n    \r\n<\/div>\n<div id=\"frm_field_12_container\" class=\"frm_form_field form-field  frm_top_container frm_half frm_first\">\r\n    <label for=\"field_knm2s\" id=\"field_knm2s_label\" class=\"frm_primary_label\">N\u00b0, Rue :\r\n        <span class=\"frm_required\"><\/span>\r\n    <\/label>\r\n    <input type=\"text\" id=\"field_knm2s\" name=\"item_meta[12]\" value=\"\"  style=\"width:400px\" data-invmsg=\"texte est non valide\" class=\"auto_width\" aria-invalid=\"false\"  \/>\r\n    \r\n    \r\n<\/div>\n<div id=\"frm_field_17_container\" class=\"frm_form_field form-field  frm_top_container frm_half frm_alignright\">\r\n    <label for=\"field_usllu\" id=\"field_usllu_label\" class=\"frm_primary_label\">Code Postal :\r\n        <span class=\"frm_required\"><\/span>\r\n    <\/label>\r\n    <input type=\"text\" id=\"field_usllu\" name=\"item_meta[17]\" value=\"\"  style=\"width:100px\" data-invmsg=\"texte est non valide\" class=\"auto_width\" aria-invalid=\"false\"  \/>\r\n    \r\n    \r\n<\/div>\n<div id=\"frm_field_14_container\" class=\"frm_form_field form-field  frm_top_container\">\r\n    <label for=\"field_c14nn\" id=\"field_c14nn_label\" class=\"frm_primary_label\">Ville :\r\n        <span class=\"frm_required\"><\/span>\r\n    <\/label>\r\n    <input type=\"text\" id=\"field_c14nn\" name=\"item_meta[14]\" value=\"\"  style=\"width:300px\" data-invmsg=\"texte est non valide\" class=\"auto_width\" aria-invalid=\"false\"  \/>\r\n    \r\n    \r\n<\/div>\n<div id=\"frm_field_15_container\" class=\"frm_form_field form-field  frm_required_field frm_top_container frm_half frm_first vertical_radio\">\r\n    <div  id=\"field_138v7_label\" class=\"frm_primary_label\">Syst\u00e8me :\r\n        <span class=\"frm_required\">*<\/span>\r\n    <\/div>\r\n    <div class=\"frm_opt_container\" aria-labelledby=\"field_138v7_label\" role=\"group\">\t\t<div class=\"frm_checkbox\" id=\"frm_checkbox_15-0\">\t\t\t<label  for=\"field_138v7-0\">\n\t\t\t<input type=\"checkbox\" name=\"item_meta[15][]\" id=\"field_138v7-0\" value=\"Windows\"  data-reqmsg=\"Ce champ ne peut pas \u00eatre vide\" data-invmsg=\"Syst\u00e8me : est non valide\"   aria-required=\"true\"  \/> Windows<\/label><\/div>\n\t\t<div class=\"frm_checkbox\" id=\"frm_checkbox_15-1\">\t\t\t<label  for=\"field_138v7-1\">\n\t\t\t<input type=\"checkbox\" name=\"item_meta[15][]\" id=\"field_138v7-1\" value=\"Apple\"  data-reqmsg=\"Ce champ ne peut pas \u00eatre vide\" data-invmsg=\"Syst\u00e8me : est non valide\"   \/> Apple<\/label><\/div>\n\t\t<div class=\"frm_checkbox\" id=\"frm_checkbox_15-2\">\t\t\t<label  for=\"field_138v7-2\">\n\t\t\t<input type=\"checkbox\" name=\"item_meta[15][]\" id=\"field_138v7-2\" value=\"Distribution Linux\"  data-reqmsg=\"Ce champ ne peut pas \u00eatre vide\" data-invmsg=\"Syst\u00e8me : est non valide\"   \/> Distribution Linux<\/label><\/div>\n\t\t<div class=\"frm_checkbox\" id=\"frm_checkbox_15-3\">\t\t\t<label  for=\"field_138v7-3\">\n\t\t\t<input type=\"checkbox\" name=\"item_meta[15][]\" id=\"field_138v7-3\" value=\"Autre\"  data-reqmsg=\"Ce champ ne peut pas \u00eatre vide\" data-invmsg=\"Syst\u00e8me : est non valide\"   \/> Autre<\/label><\/div>\n<\/div>\r\n    \r\n    \r\n<\/div>\n<div id=\"frm_field_16_container\" class=\"frm_form_field form-field  frm_required_field frm_top_container frm_half frm_alignright vertical_radio\">\r\n    <div  id=\"field_fd2ox_label\" class=\"frm_primary_label\">Appareil\r\n        <span class=\"frm_required\">*<\/span>\r\n    <\/div>\r\n    <div class=\"frm_opt_container\" aria-labelledby=\"field_fd2ox_label\" role=\"group\">\t\t<div class=\"frm_checkbox\" id=\"frm_checkbox_16-0\">\t\t\t<label  for=\"field_fd2ox-0\">\n\t\t\t<input type=\"checkbox\" name=\"item_meta[16][]\" id=\"field_fd2ox-0\" value=\"Ordinateur Portable\"  data-reqmsg=\"Appareil ne peut pas \u00eatre vide.\" data-invmsg=\"Appareil est non valide\"   aria-required=\"true\"  \/> Ordinateur Portable<\/label><\/div>\n\t\t<div class=\"frm_checkbox\" id=\"frm_checkbox_16-1\">\t\t\t<label  for=\"field_fd2ox-1\">\n\t\t\t<input type=\"checkbox\" name=\"item_meta[16][]\" id=\"field_fd2ox-1\" value=\"Ordinateur de Bureau\"  data-reqmsg=\"Appareil ne peut pas \u00eatre vide.\" data-invmsg=\"Appareil est non valide\"   \/> Ordinateur de Bureau<\/label><\/div>\n\t\t<div class=\"frm_checkbox\" id=\"frm_checkbox_16-2\">\t\t\t<label  for=\"field_fd2ox-2\">\n\t\t\t<input type=\"checkbox\" name=\"item_meta[16][]\" id=\"field_fd2ox-2\" value=\"Tablette \/ T\u00e9l\u00e9hpone\"  data-reqmsg=\"Appareil ne peut pas \u00eatre vide.\" data-invmsg=\"Appareil est non valide\"   \/> Tablette \/ T\u00e9l\u00e9hpone<\/label><\/div>\n\t\t<div class=\"frm_checkbox\" id=\"frm_checkbox_16-3\">\t\t\t<label  for=\"field_fd2ox-3\">\n\t\t\t<input type=\"checkbox\" name=\"item_meta[16][]\" id=\"field_fd2ox-3\" value=\"Autre\"  data-reqmsg=\"Appareil ne peut pas \u00eatre vide.\" data-invmsg=\"Appareil est non valide\"   \/> Autre<\/label><\/div>\n<\/div>\r\n    \r\n    \r\n<\/div>\n<div id=\"frm_field_10_container\" class=\"frm_form_field form-field  frm_required_field frm_top_container frm_full\">\r\n    <label for=\"field_9jv0r12\" id=\"field_9jv0r12_label\" class=\"frm_primary_label\">Votre message :\r\n        <span class=\"frm_required\">*<\/span>\r\n    <\/label>\r\n    <textarea name=\"item_meta[10]\" id=\"field_9jv0r12\" rows=\"10\"  style=\"width:600px\" cols=\"66\" data-reqmsg=\"Ce champ ne peut pas \u00eatre vide\" aria-required=\"true\" data-invmsg=\"Votre message : est non valide\" class=\"auto_width\" aria-invalid=\"false\"  ><\/textarea>\r\n    \r\n    \r\n<\/div>\n<div id=\"frm_field_18_container\" class=\"frm_form_field form-field \">\n\t<div class=\"frm_submit\">\r\n\r\n<button class=\"frm_button_submit\" type=\"submit\"  >Envoyer<\/button>\r\n\r\n<\/div>\n<\/div>\n\t<input type=\"hidden\" name=\"item_key\" value=\"\" \/>\n\t\t\t<div id=\"frm_field_19_container\">\n\t\t\t<label for=\"field_wj94y\" >\n\t\t\t\tSi vous \u00eates un humain, ne remplissez pas ce champ.\t\t\t<\/label>\n\t\t\t<input  id=\"field_wj94y\" type=\"text\" class=\"frm_form_field form-field frm_verify\" name=\"item_meta[19]\" value=\"\"  \/>\n\t\t<\/div>\n\t\t<input name=\"frm_state\" type=\"hidden\" value=\"34Bp\/iGOPEAKNDwqPy4\/g2RQhPoJiOsL3gtj9\/uIpfw=\" \/><\/div>\n<\/fieldset>\n<\/div>\n\n<\/form>\n<\/div>\n\n","protected":false},"excerpt":{"rendered":"<p>quincampoix buchy cailly isneauville pr\u00e9aux reparation ordinateur pc configuration Vous pouvez me laisser ici vos coordonn\u00e9es. Listez les probl\u00e8mes rencontr\u00e9s et je vous recontacte par t\u00e9l\u00e9phone ou par e-mail. &nbsp;<\/p>\n","protected":false},"author":1,"featured_media":0,"parent":0,"menu_order":0,"comment_status":"closed","ping_status":"closed","template":"","meta":{"footnotes":""},"class_list":["post-17","page","type-page","status-publish","hentry"],"yoast_head":"<!-- This site is optimized with the Yoast SEO plugin v26.9 - https:\/\/yoast.com\/product\/yoast-seo-wordpress\/ -->\n<title>Contact - greg informatique<\/title>\n<meta name=\"description\" content=\"En cas de probl\u00e8me informatique, vous pouvez me laiser directement un message ici ou me contacter par mail ou par t\u00e9l\u00e9phone.\" \/>\n<meta name=\"robots\" content=\"index, follow, max-snippet:-1, max-image-preview:large, max-video-preview:-1\" \/>\n<link rel=\"canonical\" href=\"https:\/\/greg-informatique.fr\/gis\/contact\/\" \/>\n<meta property=\"og:locale\" content=\"fr_FR\" \/>\n<meta property=\"og:type\" content=\"article\" \/>\n<meta property=\"og:title\" content=\"Contact - greg informatique\" \/>\n<meta property=\"og:description\" content=\"En cas de probl\u00e8me informatique, vous pouvez me laiser directement un message ici ou me contacter par mail ou par t\u00e9l\u00e9phone.\" \/>\n<meta property=\"og:url\" content=\"https:\/\/greg-informatique.fr\/gis\/contact\/\" \/>\n<meta property=\"og:site_name\" content=\"greg informatique\" \/>\n<meta property=\"article:modified_time\" content=\"2024-11-16T00:48:42+00:00\" \/>\n<meta property=\"og:image\" content=\"https:\/\/greg-informatique.fr\/gis\/wp-content\/uploads\/2020\/02\/contact.l.jpg\" \/>\n\t<meta property=\"og:image:width\" content=\"5472\" \/>\n\t<meta property=\"og:image:height\" content=\"684\" \/>\n\t<meta property=\"og:image:type\" content=\"image\/jpeg\" \/>\n<meta name=\"twitter:card\" content=\"summary_large_image\" \/>\n<meta name=\"twitter:label1\" content=\"Dur\u00e9e de lecture estim\u00e9e\" \/>\n\t<meta name=\"twitter:data1\" content=\"1 minute\" \/>\n<script type=\"application\/ld+json\" class=\"yoast-schema-graph\">{\"@context\":\"https:\/\/schema.org\",\"@graph\":[{\"@type\":\"WebPage\",\"@id\":\"https:\/\/greg-informatique.fr\/gis\/contact\/\",\"url\":\"https:\/\/greg-informatique.fr\/gis\/contact\/\",\"name\":\"Contact - greg informatique\",\"isPartOf\":{\"@id\":\"https:\/\/greg-informatique.fr\/gis\/#website\"},\"primaryImageOfPage\":{\"@id\":\"https:\/\/greg-informatique.fr\/gis\/contact\/#primaryimage\"},\"image\":{\"@id\":\"https:\/\/greg-informatique.fr\/gis\/contact\/#primaryimage\"},\"thumbnailUrl\":\"http:\/\/greg-informatique.fr\/gis\/wp-content\/uploads\/2020\/02\/contact.l.jpg\",\"datePublished\":\"2020-02-27T17:51:03+00:00\",\"dateModified\":\"2024-11-16T00:48:42+00:00\",\"description\":\"En cas de probl\u00e8me informatique, vous pouvez me laiser directement un message ici ou me contacter par mail ou par t\u00e9l\u00e9phone.\",\"breadcrumb\":{\"@id\":\"https:\/\/greg-informatique.fr\/gis\/contact\/#breadcrumb\"},\"inLanguage\":\"fr-FR\",\"potentialAction\":[{\"@type\":\"ReadAction\",\"target\":[\"https:\/\/greg-informatique.fr\/gis\/contact\/\"]}]},{\"@type\":\"ImageObject\",\"inLanguage\":\"fr-FR\",\"@id\":\"https:\/\/greg-informatique.fr\/gis\/contact\/#primaryimage\",\"url\":\"https:\/\/greg-informatique.fr\/gis\/wp-content\/uploads\/2020\/02\/contact.l.jpg\",\"contentUrl\":\"https:\/\/greg-informatique.fr\/gis\/wp-content\/uploads\/2020\/02\/contact.l.jpg\",\"width\":5472,\"height\":684},{\"@type\":\"BreadcrumbList\",\"@id\":\"https:\/\/greg-informatique.fr\/gis\/contact\/#breadcrumb\",\"itemListElement\":[{\"@type\":\"ListItem\",\"position\":1,\"name\":\"Accueil\",\"item\":\"https:\/\/greg-informatique.fr\/gis\/\"},{\"@type\":\"ListItem\",\"position\":2,\"name\":\"Contact\"}]},{\"@type\":\"WebSite\",\"@id\":\"https:\/\/greg-informatique.fr\/gis\/#website\",\"url\":\"https:\/\/greg-informatique.fr\/gis\/\",\"name\":\"Greg Informatique\",\"description\":\"La Solution Informatique\",\"publisher\":{\"@id\":\"https:\/\/greg-informatique.fr\/gis\/#organization\"},\"potentialAction\":[{\"@type\":\"SearchAction\",\"target\":{\"@type\":\"EntryPoint\",\"urlTemplate\":\"https:\/\/greg-informatique.fr\/gis\/?s={search_term_string}\"},\"query-input\":{\"@type\":\"PropertyValueSpecification\",\"valueRequired\":true,\"valueName\":\"search_term_string\"}}],\"inLanguage\":\"fr-FR\"},{\"@type\":\"Organization\",\"@id\":\"https:\/\/greg-informatique.fr\/gis\/#organization\",\"name\":\"Greg Informatique\",\"url\":\"https:\/\/greg-informatique.fr\/gis\/\",\"logo\":{\"@type\":\"ImageObject\",\"inLanguage\":\"fr-FR\",\"@id\":\"https:\/\/greg-informatique.fr\/gis\/#\/schema\/logo\/image\/\",\"url\":\"http:\/\/192.168.0.100\/gis\/wp-content\/uploads\/2020\/02\/logo_carre.png\",\"contentUrl\":\"http:\/\/192.168.0.100\/gis\/wp-content\/uploads\/2020\/02\/logo_carre.png\",\"width\":608,\"height\":608,\"caption\":\"Greg Informatique\"},\"image\":{\"@id\":\"https:\/\/greg-informatique.fr\/gis\/#\/schema\/logo\/image\/\"}}]}<\/script>\n<!-- \/ Yoast SEO plugin. -->","yoast_head_json":{"title":"Contact - greg informatique","description":"En cas de probl\u00e8me informatique, vous pouvez me laiser directement un message ici ou me contacter par mail ou par t\u00e9l\u00e9phone.","robots":{"index":"index","follow":"follow","max-snippet":"max-snippet:-1","max-image-preview":"max-image-preview:large","max-video-preview":"max-video-preview:-1"},"canonical":"https:\/\/greg-informatique.fr\/gis\/contact\/","og_locale":"fr_FR","og_type":"article","og_title":"Contact - greg informatique","og_description":"En cas de probl\u00e8me informatique, vous pouvez me laiser directement un message ici ou me contacter par mail ou par t\u00e9l\u00e9phone.","og_url":"https:\/\/greg-informatique.fr\/gis\/contact\/","og_site_name":"greg informatique","article_modified_time":"2024-11-16T00:48:42+00:00","og_image":[{"width":5472,"height":684,"url":"https:\/\/greg-informatique.fr\/gis\/wp-content\/uploads\/2020\/02\/contact.l.jpg","type":"image\/jpeg"}],"twitter_card":"summary_large_image","twitter_misc":{"Dur\u00e9e de lecture estim\u00e9e":"1 minute"},"schema":{"@context":"https:\/\/schema.org","@graph":[{"@type":"WebPage","@id":"https:\/\/greg-informatique.fr\/gis\/contact\/","url":"https:\/\/greg-informatique.fr\/gis\/contact\/","name":"Contact - greg informatique","isPartOf":{"@id":"https:\/\/greg-informatique.fr\/gis\/#website"},"primaryImageOfPage":{"@id":"https:\/\/greg-informatique.fr\/gis\/contact\/#primaryimage"},"image":{"@id":"https:\/\/greg-informatique.fr\/gis\/contact\/#primaryimage"},"thumbnailUrl":"http:\/\/greg-informatique.fr\/gis\/wp-content\/uploads\/2020\/02\/contact.l.jpg","datePublished":"2020-02-27T17:51:03+00:00","dateModified":"2024-11-16T00:48:42+00:00","description":"En cas de probl\u00e8me informatique, vous pouvez me laiser directement un message ici ou me contacter par mail ou par t\u00e9l\u00e9phone.","breadcrumb":{"@id":"https:\/\/greg-informatique.fr\/gis\/contact\/#breadcrumb"},"inLanguage":"fr-FR","potentialAction":[{"@type":"ReadAction","target":["https:\/\/greg-informatique.fr\/gis\/contact\/"]}]},{"@type":"ImageObject","inLanguage":"fr-FR","@id":"https:\/\/greg-informatique.fr\/gis\/contact\/#primaryimage","url":"https:\/\/greg-informatique.fr\/gis\/wp-content\/uploads\/2020\/02\/contact.l.jpg","contentUrl":"https:\/\/greg-informatique.fr\/gis\/wp-content\/uploads\/2020\/02\/contact.l.jpg","width":5472,"height":684},{"@type":"BreadcrumbList","@id":"https:\/\/greg-informatique.fr\/gis\/contact\/#breadcrumb","itemListElement":[{"@type":"ListItem","position":1,"name":"Accueil","item":"https:\/\/greg-informatique.fr\/gis\/"},{"@type":"ListItem","position":2,"name":"Contact"}]},{"@type":"WebSite","@id":"https:\/\/greg-informatique.fr\/gis\/#website","url":"https:\/\/greg-informatique.fr\/gis\/","name":"Greg Informatique","description":"La Solution Informatique","publisher":{"@id":"https:\/\/greg-informatique.fr\/gis\/#organization"},"potentialAction":[{"@type":"SearchAction","target":{"@type":"EntryPoint","urlTemplate":"https:\/\/greg-informatique.fr\/gis\/?s={search_term_string}"},"query-input":{"@type":"PropertyValueSpecification","valueRequired":true,"valueName":"search_term_string"}}],"inLanguage":"fr-FR"},{"@type":"Organization","@id":"https:\/\/greg-informatique.fr\/gis\/#organization","name":"Greg Informatique","url":"https:\/\/greg-informatique.fr\/gis\/","logo":{"@type":"ImageObject","inLanguage":"fr-FR","@id":"https:\/\/greg-informatique.fr\/gis\/#\/schema\/logo\/image\/","url":"http:\/\/192.168.0.100\/gis\/wp-content\/uploads\/2020\/02\/logo_carre.png","contentUrl":"http:\/\/192.168.0.100\/gis\/wp-content\/uploads\/2020\/02\/logo_carre.png","width":608,"height":608,"caption":"Greg Informatique"},"image":{"@id":"https:\/\/greg-informatique.fr\/gis\/#\/schema\/logo\/image\/"}}]}},"_links":{"self":[{"href":"https:\/\/greg-informatique.fr\/gis\/wp-json\/wp\/v2\/pages\/17","targetHints":{"allow":["GET"]}}],"collection":[{"href":"https:\/\/greg-informatique.fr\/gis\/wp-json\/wp\/v2\/pages"}],"about":[{"href":"https:\/\/greg-informatique.fr\/gis\/wp-json\/wp\/v2\/types\/page"}],"author":[{"embeddable":true,"href":"https:\/\/greg-informatique.fr\/gis\/wp-json\/wp\/v2\/users\/1"}],"replies":[{"embeddable":true,"href":"https:\/\/greg-informatique.fr\/gis\/wp-json\/wp\/v2\/comments?post=17"}],"version-history":[{"count":11,"href":"https:\/\/greg-informatique.fr\/gis\/wp-json\/wp\/v2\/pages\/17\/revisions"}],"predecessor-version":[{"id":158,"href":"https:\/\/greg-informatique.fr\/gis\/wp-json\/wp\/v2\/pages\/17\/revisions\/158"}],"wp:attachment":[{"href":"https:\/\/greg-informatique.fr\/gis\/wp-json\/wp\/v2\/media?parent=17"}],"curies":[{"name":"wp","href":"https:\/\/api.w.org\/{rel}","templated":true}]}}