{"id":9,"date":"2020-02-27T18:47:37","date_gmt":"2020-02-27T17:47:37","guid":{"rendered":"http:\/\/localhost\/gis\/?page_id=9"},"modified":"2024-11-16T01:56:43","modified_gmt":"2024-11-16T00:56:43","slug":"prestation-a-domicile","status":"publish","type":"page","link":"https:\/\/greg-informatique.fr\/gis\/","title":{"rendered":"Intervention \u00e0 Domicile !"},"content":{"rendered":"<p><img loading=\"lazy\" decoding=\"async\" class=\"alignnone wp-image-34 size-full\" src=\"http:\/\/greg-informatique.fr\/gis\/wp-content\/uploads\/2020\/02\/welcome.l.png\" alt=\"\" width=\"1502\" height=\"187\" \/><\/p>\n<h2 style=\"color: white;\"><span style=\"font-size: xx-small;\">quincampoix buchy cailly isneauville pr\u00e9aux cl\u00e8res reparation probleme probl\u00e8me ordinateur informatique pc configuration intervention domicile<\/span><\/h2>\n<p>Je viens directement chez vous pour toutes prestations informatiques :<\/p>\n<ul>\n<li>la configuration de Box,<\/li>\n<li>l&rsquo;installation de p\u00e9riph\u00e9riques (imprimantes, scanner, etc&#8230;)<\/li>\n<li>l&rsquo;installation de logiciels,<\/li>\n<li>des cours particuliers,<\/li>\n<li>la r\u00e9initialisation de mot de passe.<\/li>\n<\/ul>\n<p>Intervention sur <strong><a href=\"https:\/\/www.microsoft.com\/fr-fr\/windows\/\" target=\"_blank\" rel=\"noopener\">Windows<\/a>, <a href=\"https:\/\/www.apple.com\/fr\/macos\/\" target=\"_blank\" rel=\"noopener\">Mac Os<\/a> et <a href=\"https:\/\/linuxmint.com\/\" target=\"_blank\" rel=\"noopener\">Linux<\/a><\/strong>.<\/p>\n<p>Je reste\u00a0 \u00e0 votre disposition pendant 1 heure ( l&rsquo;intervention n&rsquo;exc\u00e9dant g\u00e9n\u00e9ralement pas ce d\u00e9lai ) pour un <strong>tarif unique de 59 \u20ac<\/strong>. En cas de d\u00e9passement la 1\/2 heure est factur\u00e9e <strong>15 \u20ac<\/strong>. Pour toute question et demande d&rsquo;intervention, veuillez laisser un message <a href=\"http:\/\/greg-informatique.fr\/gis\/contact\/\">ici<\/a>, m&rsquo;envoyer un <a href=\"mailto:greg.informatique@yahoo.com\">e-mail<\/a>, ou me contacter au <strong>06.51.11.98.81<\/strong>.<\/p>\n<p>J&rsquo;interviens g\u00e9n\u00e9ralement sur les communes allant de Sotteville-Les-Rouen \u00e0 Forges-Les-Eaux, et de Montville \u00e0 Ry.<\/p>\n<p>&nbsp;<\/p>\n<figure><iframe loading=\"lazy\" src=\"https:\/\/maps.google.com\/maps?width=700&amp;height=440&amp;hl=en&amp;q=Sainte%20Croix%20sur%20Buchy+(Titre)&amp;ie=UTF8&amp;t=&amp;z=10&amp;iwloc=B&amp;output=embed\" width=\"750\" height=\"440\"><\/iframe><\/figure>\n<p>&nbsp;<\/p>\n","protected":false},"excerpt":{"rendered":"<p>quincampoix buchy cailly isneauville pr\u00e9aux cl\u00e8res reparation probleme probl\u00e8me ordinateur informatique pc configuration intervention domicile Je viens directement chez vous pour toutes prestations informatiques : la configuration de Box, l&rsquo;installation de p\u00e9riph\u00e9riques (imprimantes, scanner, etc&#8230;) l&rsquo;installation de logiciels, des cours particuliers, la r\u00e9initialisation de mot de passe. Intervention sur Windows,&#8230; <a class=\"continue-reading-link\" href=\"https:\/\/greg-informatique.fr\/gis\/\"> Continue reading <span class=\"meta-nav\">&rarr; <\/span><\/a><\/p>\n","protected":false},"author":1,"featured_media":0,"parent":0,"menu_order":0,"comment_status":"closed","ping_status":"closed","template":"","meta":{"footnotes":""},"class_list":["post-9","page","type-page","status-publish","hentry"],"yoast_head":"<!-- This site is optimized with the Yoast SEO plugin v26.9 - https:\/\/yoast.com\/product\/yoast-seo-wordpress\/ -->\n<title>Intervention \u00e0 Domicile ! - greg informatique<\/title>\n<meta name=\"description\" content=\"Je viens chez vous pour toutes prestations informatiques. J&#039;interviens g\u00e9n\u00e9ralement sur les communes allant de Bihorel \u00e0 Buchy, et de Montville \u00e0 Ry.\" \/>\n<meta name=\"robots\" content=\"index, follow, max-snippet:-1, max-image-preview:large, max-video-preview:-1\" \/>\n<link rel=\"canonical\" href=\"https:\/\/greg-informatique.fr\/gis\/\" \/>\n<meta property=\"og:locale\" content=\"fr_FR\" \/>\n<meta property=\"og:type\" content=\"article\" \/>\n<meta property=\"og:title\" content=\"Intervention \u00e0 Domicile ! - greg informatique\" \/>\n<meta property=\"og:description\" content=\"Je viens chez vous pour toutes prestations informatiques. J&#039;interviens g\u00e9n\u00e9ralement sur les communes allant de Bihorel \u00e0 Buchy, et de Montville \u00e0 Ry.\" \/>\n<meta property=\"og:url\" content=\"https:\/\/greg-informatique.fr\/gis\/\" \/>\n<meta property=\"og:site_name\" content=\"greg informatique\" \/>\n<meta property=\"article:modified_time\" content=\"2024-11-16T00:56:43+00:00\" \/>\n<meta property=\"og:image\" content=\"https:\/\/greg-informatique.fr\/gis\/wp-content\/uploads\/2020\/02\/welcome.l.png\" \/>\n\t<meta property=\"og:image:width\" content=\"1502\" \/>\n\t<meta property=\"og:image:height\" content=\"187\" \/>\n\t<meta property=\"og:image:type\" content=\"image\/png\" \/>\n<meta name=\"twitter:card\" content=\"summary_large_image\" \/>\n<meta name=\"twitter:label1\" content=\"Dur\u00e9e de lecture estim\u00e9e\" \/>\n\t<meta name=\"twitter:data1\" content=\"1 minute\" \/>\n<script type=\"application\/ld+json\" class=\"yoast-schema-graph\">{\"@context\":\"https:\/\/schema.org\",\"@graph\":[{\"@type\":\"WebPage\",\"@id\":\"https:\/\/greg-informatique.fr\/gis\/\",\"url\":\"https:\/\/greg-informatique.fr\/gis\/\",\"name\":\"Intervention \u00e0 Domicile ! - greg informatique\",\"isPartOf\":{\"@id\":\"https:\/\/greg-informatique.fr\/gis\/#website\"},\"primaryImageOfPage\":{\"@id\":\"https:\/\/greg-informatique.fr\/gis\/#primaryimage\"},\"image\":{\"@id\":\"https:\/\/greg-informatique.fr\/gis\/#primaryimage\"},\"thumbnailUrl\":\"http:\/\/greg-informatique.fr\/gis\/wp-content\/uploads\/2020\/02\/welcome.l.png\",\"datePublished\":\"2020-02-27T17:47:37+00:00\",\"dateModified\":\"2024-11-16T00:56:43+00:00\",\"description\":\"Je viens chez vous pour toutes prestations informatiques. J'interviens g\u00e9n\u00e9ralement sur les communes allant de Bihorel \u00e0 Buchy, et de Montville \u00e0 Ry.\",\"breadcrumb\":{\"@id\":\"https:\/\/greg-informatique.fr\/gis\/#breadcrumb\"},\"inLanguage\":\"fr-FR\",\"potentialAction\":[{\"@type\":\"ReadAction\",\"target\":[\"https:\/\/greg-informatique.fr\/gis\/\"]}]},{\"@type\":\"ImageObject\",\"inLanguage\":\"fr-FR\",\"@id\":\"https:\/\/greg-informatique.fr\/gis\/#primaryimage\",\"url\":\"https:\/\/greg-informatique.fr\/gis\/wp-content\/uploads\/2020\/02\/welcome.l.png\",\"contentUrl\":\"https:\/\/greg-informatique.fr\/gis\/wp-content\/uploads\/2020\/02\/welcome.l.png\",\"width\":1502,\"height\":187},{\"@type\":\"BreadcrumbList\",\"@id\":\"https:\/\/greg-informatique.fr\/gis\/#breadcrumb\",\"itemListElement\":[{\"@type\":\"ListItem\",\"position\":1,\"name\":\"Accueil\",\"item\":\"https:\/\/greg-informatique.fr\/gis\/\"},{\"@type\":\"ListItem\",\"position\":2,\"name\":\"Intervention \u00e0 Domicile !\"}]},{\"@type\":\"WebSite\",\"@id\":\"https:\/\/greg-informatique.fr\/gis\/#website\",\"url\":\"https:\/\/greg-informatique.fr\/gis\/\",\"name\":\"Greg Informatique\",\"description\":\"La Solution Informatique\",\"publisher\":{\"@id\":\"https:\/\/greg-informatique.fr\/gis\/#organization\"},\"potentialAction\":[{\"@type\":\"SearchAction\",\"target\":{\"@type\":\"EntryPoint\",\"urlTemplate\":\"https:\/\/greg-informatique.fr\/gis\/?s={search_term_string}\"},\"query-input\":{\"@type\":\"PropertyValueSpecification\",\"valueRequired\":true,\"valueName\":\"search_term_string\"}}],\"inLanguage\":\"fr-FR\"},{\"@type\":\"Organization\",\"@id\":\"https:\/\/greg-informatique.fr\/gis\/#organization\",\"name\":\"Greg Informatique\",\"url\":\"https:\/\/greg-informatique.fr\/gis\/\",\"logo\":{\"@type\":\"ImageObject\",\"inLanguage\":\"fr-FR\",\"@id\":\"https:\/\/greg-informatique.fr\/gis\/#\/schema\/logo\/image\/\",\"url\":\"http:\/\/192.168.0.100\/gis\/wp-content\/uploads\/2020\/02\/logo_carre.png\",\"contentUrl\":\"http:\/\/192.168.0.100\/gis\/wp-content\/uploads\/2020\/02\/logo_carre.png\",\"width\":608,\"height\":608,\"caption\":\"Greg Informatique\"},\"image\":{\"@id\":\"https:\/\/greg-informatique.fr\/gis\/#\/schema\/logo\/image\/\"}}]}<\/script>\n<!-- \/ Yoast SEO plugin. -->","yoast_head_json":{"title":"Intervention \u00e0 Domicile ! - greg informatique","description":"Je viens chez vous pour toutes prestations informatiques. J'interviens g\u00e9n\u00e9ralement sur les communes allant de Bihorel \u00e0 Buchy, et de Montville \u00e0 Ry.","robots":{"index":"index","follow":"follow","max-snippet":"max-snippet:-1","max-image-preview":"max-image-preview:large","max-video-preview":"max-video-preview:-1"},"canonical":"https:\/\/greg-informatique.fr\/gis\/","og_locale":"fr_FR","og_type":"article","og_title":"Intervention \u00e0 Domicile ! - greg informatique","og_description":"Je viens chez vous pour toutes prestations informatiques. J'interviens g\u00e9n\u00e9ralement sur les communes allant de Bihorel \u00e0 Buchy, et de Montville \u00e0 Ry.","og_url":"https:\/\/greg-informatique.fr\/gis\/","og_site_name":"greg informatique","article_modified_time":"2024-11-16T00:56:43+00:00","og_image":[{"width":1502,"height":187,"url":"https:\/\/greg-informatique.fr\/gis\/wp-content\/uploads\/2020\/02\/welcome.l.png","type":"image\/png"}],"twitter_card":"summary_large_image","twitter_misc":{"Dur\u00e9e de lecture estim\u00e9e":"1 minute"},"schema":{"@context":"https:\/\/schema.org","@graph":[{"@type":"WebPage","@id":"https:\/\/greg-informatique.fr\/gis\/","url":"https:\/\/greg-informatique.fr\/gis\/","name":"Intervention \u00e0 Domicile ! - greg informatique","isPartOf":{"@id":"https:\/\/greg-informatique.fr\/gis\/#website"},"primaryImageOfPage":{"@id":"https:\/\/greg-informatique.fr\/gis\/#primaryimage"},"image":{"@id":"https:\/\/greg-informatique.fr\/gis\/#primaryimage"},"thumbnailUrl":"http:\/\/greg-informatique.fr\/gis\/wp-content\/uploads\/2020\/02\/welcome.l.png","datePublished":"2020-02-27T17:47:37+00:00","dateModified":"2024-11-16T00:56:43+00:00","description":"Je viens chez vous pour toutes prestations informatiques. J'interviens g\u00e9n\u00e9ralement sur les communes allant de Bihorel \u00e0 Buchy, et de Montville \u00e0 Ry.","breadcrumb":{"@id":"https:\/\/greg-informatique.fr\/gis\/#breadcrumb"},"inLanguage":"fr-FR","potentialAction":[{"@type":"ReadAction","target":["https:\/\/greg-informatique.fr\/gis\/"]}]},{"@type":"ImageObject","inLanguage":"fr-FR","@id":"https:\/\/greg-informatique.fr\/gis\/#primaryimage","url":"https:\/\/greg-informatique.fr\/gis\/wp-content\/uploads\/2020\/02\/welcome.l.png","contentUrl":"https:\/\/greg-informatique.fr\/gis\/wp-content\/uploads\/2020\/02\/welcome.l.png","width":1502,"height":187},{"@type":"BreadcrumbList","@id":"https:\/\/greg-informatique.fr\/gis\/#breadcrumb","itemListElement":[{"@type":"ListItem","position":1,"name":"Accueil","item":"https:\/\/greg-informatique.fr\/gis\/"},{"@type":"ListItem","position":2,"name":"Intervention \u00e0 Domicile !"}]},{"@type":"WebSite","@id":"https:\/\/greg-informatique.fr\/gis\/#website","url":"https:\/\/greg-informatique.fr\/gis\/","name":"Greg Informatique","description":"La Solution Informatique","publisher":{"@id":"https:\/\/greg-informatique.fr\/gis\/#organization"},"potentialAction":[{"@type":"SearchAction","target":{"@type":"EntryPoint","urlTemplate":"https:\/\/greg-informatique.fr\/gis\/?s={search_term_string}"},"query-input":{"@type":"PropertyValueSpecification","valueRequired":true,"valueName":"search_term_string"}}],"inLanguage":"fr-FR"},{"@type":"Organization","@id":"https:\/\/greg-informatique.fr\/gis\/#organization","name":"Greg Informatique","url":"https:\/\/greg-informatique.fr\/gis\/","logo":{"@type":"ImageObject","inLanguage":"fr-FR","@id":"https:\/\/greg-informatique.fr\/gis\/#\/schema\/logo\/image\/","url":"http:\/\/192.168.0.100\/gis\/wp-content\/uploads\/2020\/02\/logo_carre.png","contentUrl":"http:\/\/192.168.0.100\/gis\/wp-content\/uploads\/2020\/02\/logo_carre.png","width":608,"height":608,"caption":"Greg Informatique"},"image":{"@id":"https:\/\/greg-informatique.fr\/gis\/#\/schema\/logo\/image\/"}}]}},"_links":{"self":[{"href":"https:\/\/greg-informatique.fr\/gis\/wp-json\/wp\/v2\/pages\/9","targetHints":{"allow":["GET"]}}],"collection":[{"href":"https:\/\/greg-informatique.fr\/gis\/wp-json\/wp\/v2\/pages"}],"about":[{"href":"https:\/\/greg-informatique.fr\/gis\/wp-json\/wp\/v2\/types\/page"}],"author":[{"embeddable":true,"href":"https:\/\/greg-informatique.fr\/gis\/wp-json\/wp\/v2\/users\/1"}],"replies":[{"embeddable":true,"href":"https:\/\/greg-informatique.fr\/gis\/wp-json\/wp\/v2\/comments?post=9"}],"version-history":[{"count":33,"href":"https:\/\/greg-informatique.fr\/gis\/wp-json\/wp\/v2\/pages\/9\/revisions"}],"predecessor-version":[{"id":166,"href":"https:\/\/greg-informatique.fr\/gis\/wp-json\/wp\/v2\/pages\/9\/revisions\/166"}],"wp:attachment":[{"href":"https:\/\/greg-informatique.fr\/gis\/wp-json\/wp\/v2\/media?parent=9"}],"curies":[{"name":"wp","href":"https:\/\/api.w.org\/{rel}","templated":true}]}}